2?
21
What is the remainder when 1960 is divided by 2?
0
Calculate the remainder when 32702 is divided by 155.
152
Calculate the remainder when 564 is divided by 7.
4
Calculate the remainder when 209 is divided by 70.
69
Calculate the remainder when 1489 is divided by 105.
19
Calculate the remainder when 1425 is divided by 130.
125
What is the remainder when 26 is divided by 7?
5
What is the remainder when 313 is divided by 63?
61
Calculate the remainder when 18448 is divided by 205.
203
What is the remainder when 1439 is divided by 11?
9
What is the remainder when 998 is divided by 25?
23
What is the remainder when 778 is divided by 65?
63
What is the remainder when 51 is divided by 35?
16
Calculate the remainder when 296 is divided by 33.
32
What is the remainder when 184 is divided by 38?
32
Calculate the remainder when 201 is divided by 69.
63
Calculate the remainder when 131 is divided by 35.
26
What is the remainder when 1700 is divided by 64?
36
Calculate the remainder when 523 is divided by 7.
5
What is the remainder when 547 is divided by 154?
85
What is the remainder when 322 is divided by 53?
4
What is the remainder when 2694 is divided by 53?
44
What is the remainder when 12983 is divided by 265?
263
What is the remainder when 129 is divided by 77?
52
Calculate the remainder when 621 is divided by 6.
3
Calculate the remainder when 83 is divided by 36.
11
Calculate the remainder when 5654 is divided by 33.
11
What is the remainder when 63 is divided by 14?
7
What is the remainder when 11868 is divided by 32?
28
Calculate the remainder when 5174 is divided by 18.
8
Calculate the remainder when 2 is divided by 2.
0
Calculate the remainder when 149 is divided by 51.
47
Calculate the remainder when 470 is divided by 119.
113
Calculate the remainder when 2545 is divided by 58.
51
Calculate the remainder when 22 is divided by 10.
2
Calculate the remainder when 197 is divided by 91.
15
Calculate the remainder when 3215 is divided by 12.
11
What is the remainder when 4263 is divided by 4?
3
What is the remainder when 117 is divided by 89?
28
Calculate the remainder when 292 is divided by 50.
42
What is the remainder when 1131 is divided by 82?
65
Calculate the remainder when 221 is divided by 36.
5
Calculate the remainder when 73 is divided by 11.
7
Calculate the remainder when 116 is divided by 48.
20
Calculate the remainder when 186 is divided by 49.
39
What is the remainder when 346 is divided by 22?
16
What is the remainder when 2167 is divided by 70?
67
Calculate the remainder when 715 is divided by 237.
4
What is the remainder when 479 is divided by 16?
15
What is the remainder when 118 is divided by 4?
2
Calculate the remainder when 307 is divided by 28.
27
Calculate the remainder when 1190 is divided by 46.
40
What is the remainder when 204 is divided by 13?
9
Calculate the remainder when 56606 is divided by 29.
27
What is the remainder when 16252 is divided by 8?
4
Calculate the remainder when 512 is divided by 131.
119
What is the remainder when 202 is divided by 12?
10
What is the remainder when 370 is divided by 29?
22
Calculate the remainder when 1037 is divided by 4.
1
What is the remainder when 529 is divided by 75?
4
What is the remainder when 453 is divided by 13?
11
What is the remainder when 227 is divided by 57?
56
What is the remainder when 29 is divided by 15?
14
What is the remainder when 22 is divided by 13?
9
What is the remainder when 334 is divided by 8?
6
Calculate the remainder when 49 is divided by 45.
4
What is the remainder when 544 is divided by 291?
253
Calculate the remainder when 47181 is divided by 62.
61
What is the remainder when 832 is divided by 7?
6
Calculate the remainder when 3210 is divided by 17.
14
Calculate the remainder when 3537 is divided by 122.
121
Calculate the remainder when 104 is divided by 9.
5
Calculate the remainder when 245 is divided by 3.
2
Calculate the remainder when 220 is divided by 2.
0
What is the remainder when 143 is divided by 44?
11
Calculate the remainder when 1418 is divided by 203.
200
What is the remainder when 3719 is divided by 46?
39
What is the remainder when 21318 is divided by 8?
6
Calculate the remainder when 2107 is divided by 421.
2
Calculate the remainder when 483 is divided by 127.
102
What is the remainder when 271 is divided by 89?
4
Calculate the remainder when 2413 is divided by 135.
118
What is the remainder when 458 is divided by 20?
18
What is the remainder when 905 is divided by 57?
50
Calculate the remainder when 122 is divided by 62.
60
What is the remainder when 126 is divided by 65?
61
What is the remainder when 180 is divided by 19?
9
What is the remainder when 2492 is divided by 24?
20
Calculate the remainder when 330 is divided by 103.
21
What is the remainder when 274 is divided by 196?
78
What is the remainder when 98 is divided by 28?
14
Calculate the remainder when 1034 is divided by 130.
124
Calculate the remainder when 847 is divided by 419.
9
Calculate the remainder when 3988 is divided by 10.
8
What is the remainder when 130 is divided by 29?
14
What is the remainder when 265 is divided by 7?
6
What is the remainder when 2362 is divided by 99?
85
Calculate the remainder when 627 is divided by 53.
44
What is the remainder when 1350 is divided by 149?
9
What is the remainder when 6511 is divided by 74?
73
Calculate the remainder when 13 is divided by 3.
1
Calculate the remainder when 8989 is divided by 37.
35
What is the remainder when 80 is divided by 63?
17
What is the remainder when 503 is divided by 63?
62
What is the remainder when 1035 is divided by 263?
246
Calculate the remainder when 39 is divided by 22.
17
Calculate the remainder when 485 is divided by 61.
58
Calculate the remainder when 196 is divided by 65.
1
Calculate the remainder when 4573 is divided by 4569.
4
What is the remainder when 520 is divided by 35?
30
Calculate the remainder when 137 is divided by 14.
11
Calculate the remainder when 710 is divided by 41.
13
What is the remainder when 1997 is divided by 1986?
11
Calculate the remainder when 363 is divided by 101.
60
Calculate the remainder when 247 is divided by 39.
13
What is the remainder when 1411 is divided by 698?
15
What is the remainder when 9407 is divided by 8?
7
What is the remainder when 124 is divided by 4?
0
Calculate the remainder when 221 is divided by 45.
41
What is the remainder when 326 is divided by 33?
29
What is the remainder when 140 is divided by 128?
12
What is the remainder when 215 is divided by 18?
17
Calculate the remainder when 4256 is divided by 2127.
2
Calculate the remainder when 70 is divided by 59.
11
Calculate the remainder when 1419 is divided by 7.
5
Calculate the remainder when 233 is divided by 35.
23
Calculate the remainder when 347 is divided by 58.
57
What is the remainder when 261 is divided by 67?
60
What is the remainder when 1992 is divided by 99?
12
Calculate the remainder when 3222 is divided by 19.
11
What is the remainder when 96 is divided by 20?
16
Calculate the remainder when 222 is divided by 72.
6
What is the remainder when 713 is divided by 21?
20
What is the remainder when 95 is divided by 48?
47
What is the remainder when 4278 is divided by 204?
198
Calculate the remainder when 1041 is divided by 43.
9
What is the remainder when 81 is divided by 43?
38
What is the remainder when 6269 is divided by 98?
95
What is the remainder when 5301 is divided by 11?
10
Calculate the remainder when 1498 is divided by 82.
22
Calculate the remainder when 6451 is divided by 68.
59
Calculate the remainder when 628 is divided by 42.
40
What is the remainder when 256 is divided by 19?
9
Calculate the remainder when 707 is divided by 8.
3
What is the remainder when 4690 is divided by 46?
44
What is the remainder when 479 is divided by 55?
39
What is the remainder when 3742 is divided by 373?
12
Calculate the remainder when 164 is divided by 42.
38
What is the remainder when 33 is divided by 20?
13
Calculate the remainder when 64 is divided by 4.
0
Calculate the remainder when 61 is divided by 13.
9
What is the remainder when 1410 is divided by 467?
9
What is the remainder when 971 is divided by 36?
35
What is the remainder when 6 is divided by 4?
2
What is the remaind